{"id":1671,"date":"2022-06-03T17:26:44","date_gmt":"2022-06-03T15:26:44","guid":{"rendered":"https:\/\/www.miipos.fr\/?page_id=1671"},"modified":"2023-02-08T11:19:39","modified_gmt":"2023-02-08T10:19:39","slug":"materiel-2","status":"publish","type":"page","link":"https:\/\/www.miipos.fr\/index.php\/materiel-2\/","title":{"rendered":"Mat\u00e9riel"},"content":{"rendered":"\t\t<div data-elementor-type=\"wp-page\" data-elementor-id=\"1671\" class=\"elementor elementor-1671\">\n\t\t\t\t\t\t<section class=\"elementor-section elementor-top-section elementor-element elementor-element-29343e0 elementor-section-boxed elementor-section-height-default elementor-section-height-default\" data-id=\"29343e0\" data-element_type=\"section\" data-e-type=\"section\" data-settings=\"{&quot;background_background&quot;:&quot;classic&quot;}\">\n\t\t\t\t\t\t<div class=\"elementor-container elementor-column-gap-default\">\n\t\t\t\t\t<div class=\"elementor-column elementor-col-100 elementor-top-column elementor-element elementor-element-829d377\" data-id=\"829d377\" data-element_type=\"column\" data-e-type=\"column\">\n\t\t\t<div class=\"elementor-widget-wrap elementor-element-populated\">\n\t\t\t\t\t\t<div class=\"elementor-element elementor-element-d2b574f elementor-widget elementor-widget-heading\" data-id=\"d2b574f\" data-element_type=\"widget\" data-e-type=\"widget\" data-widget_type=\"heading.default\">\n\t\t\t\t<div class=\"elementor-widget-container\">\n\t\t\t\t\t<h1 class=\"elementor-heading-title elementor-size-xl\">Venez voir tous nos mat\u00e9riels physiques<\/h1>\t\t\t\t<\/div>\n\t\t\t\t<\/div>\n\t\t\t\t\t<\/div>\n\t\t<\/div>\n\t\t\t\t\t<\/div>\n\t\t<\/section>\n\t\t\t\t<section class=\"elementor-section elementor-top-section elementor-element elementor-element-50e55d7 elementor-section-boxed elementor-section-height-default elementor-section-height-default\" data-id=\"50e55d7\" data-element_type=\"section\" data-e-type=\"section\" data-settings=\"{&quot;background_background&quot;:&quot;classic&quot;}\">\n\t\t\t\t\t\t<div class=\"elementor-container elementor-column-gap-default\">\n\t\t\t\t\t<div class=\"elementor-column elementor-col-100 elementor-top-column elementor-element elementor-element-37d9c72\" data-id=\"37d9c72\" data-element_type=\"column\" data-e-type=\"column\">\n\t\t\t<div class=\"elementor-widget-wrap elementor-element-populated\">\n\t\t\t\t\t\t<div class=\"elementor-element elementor-element-8433ddc elementor-widget elementor-widget-spacer\" data-id=\"8433ddc\" data-element_type=\"widget\" data-e-type=\"widget\" data-widget_type=\"spacer.default\">\n\t\t\t\t<div class=\"elementor-widget-container\">\n\t\t\t\t\t\t\t<div class=\"elementor-spacer\">\n\t\t\t<div class=\"elementor-spacer-inner\"><\/div>\n\t\t<\/div>\n\t\t\t\t\t\t<\/div>\n\t\t\t\t<\/div>\n\t\t\t\t\t<\/div>\n\t\t<\/div>\n\t\t\t\t\t<\/div>\n\t\t<\/section>\n\t\t\t\t<section class=\"elementor-section elementor-top-section elementor-element elementor-element-56d3931 elementor-section-boxed elementor-section-height-default elementor-section-height-default\" data-id=\"56d3931\" data-element_type=\"section\" data-e-type=\"section\" data-settings=\"{&quot;background_background&quot;:&quot;classic&quot;}\">\n\t\t\t\t\t\t<div class=\"elementor-container elementor-column-gap-default\">\n\t\t\t\t\t<div class=\"elementor-column elementor-col-100 elementor-top-column elementor-element elementor-element-49e2268\" data-id=\"49e2268\" data-element_type=\"column\" data-e-type=\"column\">\n\t\t\t<div class=\"elementor-widget-wrap elementor-element-populated\">\n\t\t\t\t\t\t<div class=\"elementor-element elementor-element-41d428b elementor-widget elementor-widget-text-editor\" data-id=\"41d428b\" data-element_type=\"widget\" data-e-type=\"widget\" data-widget_type=\"text-editor.default\">\n\t\t\t\t<div class=\"elementor-widget-container\">\n\t\t\t\t\t\t\t\t\t<p>Actuellement, notre logiciel de caisse enregistreuse tactile est disponible sur tous vos supports num\u00e9riques\u00a0<\/p><p><strong>Android, IOS, Windows et LINUX.<\/strong><\/p><p>De plus, chez MiiPos nous vous proposons \u00e9galement du mat\u00e9riel adapt\u00e9 \u00e0 chaque type de commerce selon votre secteur d\u2019activit\u00e9.<br \/>La caisse enregistreuse tactile, aux normes NF525, vous assurera au quotidien, une meilleure gestion de votre point de vente.<\/p>\t\t\t\t\t\t\t\t<\/div>\n\t\t\t\t<\/div>\n\t\t\t\t\t<\/div>\n\t\t<\/div>\n\t\t\t\t\t<\/div>\n\t\t<\/section>\n\t\t\t\t<section class=\"elementor-section elementor-top-section elementor-element elementor-element-8c8e130 elementor-section-boxed elementor-section-height-default elementor-section-height-default\" data-id=\"8c8e130\" data-element_type=\"section\" data-e-type=\"section\" data-settings=\"{&quot;background_background&quot;:&quot;classic&quot;}\">\n\t\t\t\t\t\t<div class=\"elementor-container elementor-column-gap-default\">\n\t\t\t\t\t<div class=\"elementor-column elementor-col-100 elementor-top-column elementor-element elementor-element-86f13a8\" data-id=\"86f13a8\" data-element_type=\"column\" data-e-type=\"column\">\n\t\t\t<div class=\"elementor-widget-wrap elementor-element-populated\">\n\t\t\t\t\t\t<div class=\"elementor-element elementor-element-b66f5b7 elementor-widget elementor-widget-spacer\" data-id=\"b66f5b7\" data-element_type=\"widget\" data-e-type=\"widget\" data-widget_type=\"spacer.default\">\n\t\t\t\t<div class=\"elementor-widget-container\">\n\t\t\t\t\t\t\t<div class=\"elementor-spacer\">\n\t\t\t<div class=\"elementor-spacer-inner\"><\/div>\n\t\t<\/div>\n\t\t\t\t\t\t<\/div>\n\t\t\t\t<\/div>\n\t\t\t\t\t<\/div>\n\t\t<\/div>\n\t\t\t\t\t<\/div>\n\t\t<\/section>\n\t\t\t\t<section class=\"elementor-section elementor-top-section elementor-element elementor-element-896d05f elementor-section-boxed elementor-section-height-default elementor-section-height-default\" data-id=\"896d05f\" data-element_type=\"section\" data-e-type=\"section\" data-settings=\"{&quot;background_background&quot;:&quot;classic&quot;}\">\n\t\t\t\t\t\t<div class=\"elementor-container elementor-column-gap-default\">\n\t\t\t\t\t<div class=\"elementor-column elementor-col-50 elementor-top-column elementor-element elementor-element-051aaa9\" data-id=\"051aaa9\" data-element_type=\"column\" data-e-type=\"column\">\n\t\t\t<div class=\"elementor-widget-wrap elementor-element-populated\">\n\t\t\t\t\t\t<div class=\"elementor-element elementor-element-3f06856 elementor-widget elementor-widget-image\" data-id=\"3f06856\" data-element_type=\"widget\" data-e-type=\"widget\" data-widget_type=\"image.default\">\n\t\t\t\t<div class=\"elementor-widget-container\">\n\t\t\t\t\t\t\t\t\t\t\t\t\t\t\t<img fetchpriority=\"high\" decoding=\"async\" width=\"768\" height=\"937\" src=\"https:\/\/www.miipos.fr\/wp-content\/uploads\/2022\/06\/\u8d44\u6e90-13@4x-8-768x937.png\" class=\"attachment-medium_large size-medium_large wp-image-1258\" alt=\"\" srcset=\"https:\/\/www.miipos.fr\/wp-content\/uploads\/2022\/06\/\u8d44\u6e90-13@4x-8-768x937.png 768w, https:\/\/www.miipos.fr\/wp-content\/uploads\/2022\/06\/\u8d44\u6e90-13@4x-8-246x300.png 246w, https:\/\/www.miipos.fr\/wp-content\/uploads\/2022\/06\/\u8d44\u6e90-13@4x-8-839x1024.png 839w, https:\/\/www.miipos.fr\/wp-content\/uploads\/2022\/06\/\u8d44\u6e90-13@4x-8-1259x1536.png 1259w, https:\/\/www.miipos.fr\/wp-content\/uploads\/2022\/06\/\u8d44\u6e90-13@4x-8-1679x2048.png 1679w\" sizes=\"(max-width: 768px) 100vw, 768px\" \/>\t\t\t\t\t\t\t\t\t\t\t\t\t\t\t<\/div>\n\t\t\t\t<\/div>\n\t\t\t\t\t<\/div>\n\t\t<\/div>\n\t\t\t\t<div class=\"elementor-column elementor-col-50 elementor-top-column elementor-element elementor-element-fde9a98\" data-id=\"fde9a98\" data-element_type=\"column\" data-e-type=\"column\">\n\t\t\t<div class=\"elementor-widget-wrap elementor-element-populated\">\n\t\t\t\t\t\t<div class=\"elementor-element elementor-element-132127a elementor-widget elementor-widget-spacer\" data-id=\"132127a\" data-element_type=\"widget\" data-e-type=\"widget\" data-widget_type=\"spacer.default\">\n\t\t\t\t<div class=\"elementor-widget-container\">\n\t\t\t\t\t\t\t<div class=\"elementor-spacer\">\n\t\t\t<div class=\"elementor-spacer-inner\"><\/div>\n\t\t<\/div>\n\t\t\t\t\t\t<\/div>\n\t\t\t\t<\/div>\n\t\t\t\t<div class=\"elementor-element elementor-element-15f8bff elementor-align-start elementor-icon-list--layout-traditional elementor-list-item-link-full_width elementor-widget elementor-widget-icon-list\" data-id=\"15f8bff\" data-element_type=\"widget\" data-e-type=\"widget\" data-widget_type=\"icon-list.default\">\n\t\t\t\t<div class=\"elementor-widget-container\">\n\t\t\t\t\t\t\t<ul class=\"elementor-icon-list-items\">\n\t\t\t\t\t\t\t<li class=\"elementor-icon-list-item\">\n\t\t\t\t\t\t\t\t\t\t\t<span class=\"elementor-icon-list-icon\">\n\t\t\t\t\t\t\t<i aria-hidden=\"true\" class=\"fas fa-check\"><\/i>\t\t\t\t\t\t<\/span>\n\t\t\t\t\t\t\t\t\t\t<span class=\"elementor-icon-list-text\">Adaptable aux mod\u00e8les populaires de tablettes ainsi que les appareils tactiles professionnels en double \u00e9cran<\/span>\n\t\t\t\t\t\t\t\t\t<\/li>\n\t\t\t\t\t\t\t\t<li class=\"elementor-icon-list-item\">\n\t\t\t\t\t\t\t\t\t\t\t<span class=\"elementor-icon-list-icon\">\n\t\t\t\t\t\t\t<i aria-hidden=\"true\" class=\"fas fa-check\"><\/i>\t\t\t\t\t\t<\/span>\n\t\t\t\t\t\t\t\t\t\t<span class=\"elementor-icon-list-text\">Compatible \u00e0 imprimante de tickets, terminal de paiement, scanneur \u00e0 articles et encore plus<\/span>\n\t\t\t\t\t\t\t\t\t<\/li>\n\t\t\t\t\t\t<\/ul>\n\t\t\t\t\t\t<\/div>\n\t\t\t\t<\/div>\n\t\t\t\t<div class=\"elementor-element elementor-element-b2106f6 elementor-widget elementor-widget-image\" data-id=\"b2106f6\" data-element_type=\"widget\" data-e-type=\"widget\" data-widget_type=\"image.default\">\n\t\t\t\t<div class=\"elementor-widget-container\">\n\t\t\t\t\t\t\t\t\t\t\t\t\t\t\t<img decoding=\"async\" width=\"768\" height=\"543\" src=\"https:\/\/www.miipos.fr\/wp-content\/uploads\/2022\/06\/\u672a\u6807\u9898-1-2-768x543.png\" class=\"attachment-medium_large size-medium_large wp-image-1383\" alt=\"\" srcset=\"https:\/\/www.miipos.fr\/wp-content\/uploads\/2022\/06\/\u672a\u6807\u9898-1-2-768x543.png 768w, https:\/\/www.miipos.fr\/wp-content\/uploads\/2022\/06\/\u672a\u6807\u9898-1-2-300x212.png 300w, https:\/\/www.miipos.fr\/wp-content\/uploads\/2022\/06\/\u672a\u6807\u9898-1-2-1024x724.png 1024w, https:\/\/www.miipos.fr\/wp-content\/uploads\/2022\/06\/\u672a\u6807\u9898-1-2-1536x1086.png 1536w, https:\/\/www.miipos.fr\/wp-content\/uploads\/2022\/06\/\u672a\u6807\u9898-1-2-2048x1448.png 2048w\" sizes=\"(max-width: 768px) 100vw, 768px\" \/>\t\t\t\t\t\t\t\t\t\t\t\t\t\t\t<\/div>\n\t\t\t\t<\/div>\n\t\t\t\t\t<\/div>\n\t\t<\/div>\n\t\t\t\t\t<\/div>\n\t\t<\/section>\n\t\t\t\t<section class=\"elementor-section elementor-top-section elementor-element elementor-element-5fbdd83 elementor-section-boxed elementor-section-height-default elementor-section-height-default\" data-id=\"5fbdd83\" data-element_type=\"section\" data-e-type=\"section\" data-settings=\"{&quot;background_background&quot;:&quot;classic&quot;}\">\n\t\t\t\t\t\t<div class=\"elementor-container elementor-column-gap-default\">\n\t\t\t\t\t<div class=\"elementor-column elementor-col-100 elementor-top-column elementor-element elementor-element-f17eeb7\" data-id=\"f17eeb7\" data-element_type=\"column\" data-e-type=\"column\">\n\t\t\t<div class=\"elementor-widget-wrap elementor-element-populated\">\n\t\t\t\t\t\t<div class=\"elementor-element elementor-element-7c4c4fa elementor-widget elementor-widget-image\" data-id=\"7c4c4fa\" data-element_type=\"widget\" data-e-type=\"widget\" data-widget_type=\"image.default\">\n\t\t\t\t<div class=\"elementor-widget-container\">\n\t\t\t\t\t\t\t\t\t\t\t\t\t\t\t<img decoding=\"async\" width=\"1024\" height=\"173\" src=\"https:\/\/www.miipos.fr\/wp-content\/uploads\/2022\/06\/\u672a\u6807\u9898-2-1024x173.png\" class=\"attachment-large size-large wp-image-1296\" alt=\"\" srcset=\"https:\/\/www.miipos.fr\/wp-content\/uploads\/2022\/06\/\u672a\u6807\u9898-2-1024x173.png 1024w, https:\/\/www.miipos.fr\/wp-content\/uploads\/2022\/06\/\u672a\u6807\u9898-2-300x51.png 300w, https:\/\/www.miipos.fr\/wp-content\/uploads\/2022\/06\/\u672a\u6807\u9898-2-768x129.png 768w, https:\/\/www.miipos.fr\/wp-content\/uploads\/2022\/06\/\u672a\u6807\u9898-2-1536x259.png 1536w, https:\/\/www.miipos.fr\/wp-content\/uploads\/2022\/06\/\u672a\u6807\u9898-2-2048x345.png 2048w\" sizes=\"(max-width: 1024px) 100vw, 1024px\" \/>\t\t\t\t\t\t\t\t\t\t\t\t\t\t\t<\/div>\n\t\t\t\t<\/div>\n\t\t\t\t\t<\/div>\n\t\t<\/div>\n\t\t\t\t\t<\/div>\n\t\t<\/section>\n\t\t\t\t<\/div>\n\t\t","protected":false},"excerpt":{"rendered":"<p>Venez voir tous nos mat\u00e9riels physiques Actuellement, notre logiciel de caisse enregistreuse tactile est disponible sur tous vos supports num\u00e9riques\u00a0 Android, IOS, Windows et LINUX. De plus, chez MiiPos nous vous proposons \u00e9galement du mat\u00e9riel adapt\u00e9 \u00e0 chaque type de commerce selon votre secteur d\u2019activit\u00e9.La caisse enregistreuse tactile, aux normes NF525, vous assurera au quotidien, &#8230; <a title=\"Mat\u00e9riel\" class=\"read-more\" href=\"https:\/\/www.miipos.fr\/index.php\/materiel-2\/\" aria-label=\"En savoir plus sur Mat\u00e9riel\">Lire la suite<\/a><\/p>\n","protected":false},"author":1,"featured_media":0,"parent":0,"menu_order":0,"comment_status":"closed","ping_status":"closed","template":"elementor_header_footer","meta":{"footnotes":""},"class_list":["post-1671","page","type-page","status-publish"],"_links":{"self":[{"href":"https:\/\/www.miipos.fr\/index.php\/wp-json\/wp\/v2\/pages\/1671","targetHints":{"allow":["GET"]}}],"collection":[{"href":"https:\/\/www.miipos.fr\/index.php\/wp-json\/wp\/v2\/pages"}],"about":[{"href":"https:\/\/www.miipos.fr\/index.php\/wp-json\/wp\/v2\/types\/page"}],"author":[{"embeddable":true,"href":"https:\/\/www.miipos.fr\/index.php\/wp-json\/wp\/v2\/users\/1"}],"replies":[{"embeddable":true,"href":"https:\/\/www.miipos.fr\/index.php\/wp-json\/wp\/v2\/comments?post=1671"}],"version-history":[{"count":8,"href":"https:\/\/www.miipos.fr\/index.php\/wp-json\/wp\/v2\/pages\/1671\/revisions"}],"predecessor-version":[{"id":1746,"href":"https:\/\/www.miipos.fr\/index.php\/wp-json\/wp\/v2\/pages\/1671\/revisions\/1746"}],"wp:attachment":[{"href":"https:\/\/www.miipos.fr\/index.php\/wp-json\/wp\/v2\/media?parent=1671"}],"curies":[{"name":"wp","href":"https:\/\/api.w.org\/{rel}","templated":true}]}}